{"id":42698,"date":"2026-05-05T15:04:59","date_gmt":"2026-05-05T13:04:59","guid":{"rendered":"https:\/\/alvismobile.es\/?post_type=product&#038;p=42698"},"modified":"2026-05-05T15:06:05","modified_gmt":"2026-05-05T13:06:05","slug":"42698","status":"publish","type":"product","link":"https:\/\/alvismobile.es\/index.php\/producto\/42698\/","title":{"rendered":"iPhone 17 512GB Lavanda"},"content":{"rendered":"<h1 data-section-id=\"1xloiyf\" data-start=\"163\" data-end=\"192\"><span role=\"text\"><strong data-start=\"165\" data-end=\"192\">iPhone 17 512GB Lavanda<\/strong><\/span><\/h1>\n<h2 data-section-id=\"1yijlme\" data-start=\"194\" data-end=\"215\">Sobre el iPhone 17<\/h2>\n<p data-start=\"217\" data-end=\"596\">El nuevo modelo de Apple llega con una pantalla m\u00e1s brillante gracias a su ProMotion de hasta 120 Hz y una resistencia mejorada con Ceramic Shield 2. Incorpora c\u00e1mara frontal Center Stage con encuadre flexible y selfies en grupo m\u00e1s inteligentes. En la parte trasera integra su sistema de c\u00e1mara dual Fusion de 48 MP para capturar fotograf\u00edas con un nivel de detalle excepcional.<\/p>\n<p data-start=\"598\" data-end=\"773\">Esta versi\u00f3n cuenta con <strong data-start=\"622\" data-end=\"649\">512GB de almacenamiento<\/strong>, ideal para guardar v\u00eddeos 4K, fotos en alta resoluci\u00f3n, apps exigentes y todo tu contenido sin preocuparte por el espacio.<\/p>\n<hr data-start=\"775\" data-end=\"778\" \/>\n<h2 data-section-id=\"288ztw\" data-start=\"780\" data-end=\"809\">Pantalla Super Retina XDR<\/h2>\n<p data-start=\"811\" data-end=\"971\">Incorpora una pantalla Super Retina XDR OLED de 6.3 pulgadas que alcanza un pico de brillo de hasta 3000 nits y frecuencia adaptativa ProMotion de hasta 120 Hz.<\/p>\n<p data-start=\"973\" data-end=\"1181\">En el lateral encontrar\u00e1s el bot\u00f3n Acci\u00f3n que permite acceder r\u00e1pidamente a funciones personalizadas. La Dynamic Island muestra alertas y actividades en tiempo real, integr\u00e1ndose perfectamente con el sistema.<\/p>\n<hr data-start=\"1183\" data-end=\"1186\" \/>\n<h2 data-section-id=\"hq8b95\" data-start=\"1188\" data-end=\"1215\">C\u00e1mara frontal de 18 MPx<\/h2>\n<p data-start=\"1217\" data-end=\"1369\">La c\u00e1mara frontal de 18 MP cuenta con sensor mejorado, enfoque autom\u00e1tico con Focus Pixels y tecnolog\u00eda Center Stage para mantener el encuadre centrado.<\/p>\n<p data-start=\"1371\" data-end=\"1484\">Permite grabaci\u00f3n simult\u00e1nea con c\u00e1maras frontal y trasera y grabaci\u00f3n en calidad 4K con estabilizaci\u00f3n avanzada.<\/p>\n<hr data-start=\"1486\" data-end=\"1489\" \/>\n<h2 data-section-id=\"z1jgs8\" data-start=\"1491\" data-end=\"1517\">C\u00e1mara Fusion de 48 MPx<\/h2>\n<p data-start=\"1519\" data-end=\"1551\">Sistema de c\u00e1mara compuesto por:<\/p>\n<ul data-start=\"1553\" data-end=\"1758\">\n<li data-section-id=\"hw95rq\" data-start=\"1553\" data-end=\"1645\">C\u00e1mara principal Fusion de 48 MP con estabilizaci\u00f3n \u00f3ptica por desplazamiento del sensor<\/li>\n<li data-section-id=\"ad2oxa\" data-start=\"1646\" data-end=\"1672\">Teleobjetivo 2x \u00f3ptico<\/li>\n<li data-section-id=\"xq1q3v\" data-start=\"1673\" data-end=\"1758\">Ultra gran angular Fusion de 48 MP con mayor resoluci\u00f3n y campo de visi\u00f3n de 120\u00b0<\/li>\n<\/ul>\n<p data-start=\"1760\" data-end=\"1871\">Las fotos en ultra gran angular se capturan por defecto en 24 MP y es compatible con fotograf\u00edas de 24 y 48 MP.<\/p>\n<hr data-start=\"1873\" data-end=\"1876\" \/>\n<h2 data-section-id=\"1q91azz\" data-start=\"1878\" data-end=\"1899\">Chip A19 con 512GB<\/h2>\n<p data-start=\"1901\" data-end=\"2056\">El chip Apple A19 impulsa funciones avanzadas de Apple Intelligence como Traducci\u00f3n en Tiempo Real, Image Playground y procesamiento inteligente de imagen.<\/p>\n<p data-start=\"2058\" data-end=\"2232\">Esta versi\u00f3n incorpora <strong data-start=\"2081\" data-end=\"2116\">512GB de almacenamiento interno<\/strong>, ofreciendo el doble de espacio frente al modelo base, ideal para usuarios que requieren gran capacidad multimedia.<\/p>\n<p data-start=\"2234\" data-end=\"2370\">Su bater\u00eda ofrece autonom\u00eda para todo el d\u00eda y, con solo 10 minutos de carga, puede proporcionar hasta 8 horas de reproducci\u00f3n de v\u00eddeo.<\/p>\n<hr data-start=\"2372\" data-end=\"2375\" \/>\n<h2 data-section-id=\"1oz3oj8\" data-start=\"2377\" data-end=\"2386\">iOS 26<\/h2>\n<p data-start=\"2388\" data-end=\"2584\">El sistema operativo iOS 26 introduce dise\u00f1o Liquid Glass adaptable al contenido, mejoras en pantalla de bloqueo, filtro inteligente de llamadas, asistente de espera y funciones de seguridad como:<\/p>\n<ul data-start=\"2586\" data-end=\"2678\">\n<li data-section-id=\"1f5i68u\" data-start=\"2586\" data-end=\"2617\">Emergencia SOS v\u00eda sat\u00e9lite<\/li>\n<li data-section-id=\"wmmqi0\" data-start=\"2618\" data-end=\"2645\">Detecci\u00f3n de accidentes<\/li>\n<li data-section-id=\"1c3c236\" data-start=\"2646\" data-end=\"2678\">Apple Intelligence integrada<\/li>\n<\/ul>\n<hr data-start=\"2680\" data-end=\"2683\" \/>\n<h1 data-section-id=\"uvvn62\" data-start=\"2685\" data-end=\"2736\">Especificaciones tecnicas iPhone 17 512GB Lavanda<\/h1>\n<h2 data-section-id=\"2lmxld\" data-start=\"2738\" data-end=\"2748\">Sistema<\/h2>\n<p data-start=\"2749\" data-end=\"3070\">Sistema operativo: iOS 26<br data-start=\"2774\" data-end=\"2777\" \/>Procesador: Hexa Core, Apple A19 (2 n\u00facleos de rendimiento y 4 de eficiencia)<br data-start=\"2854\" data-end=\"2857\" \/>Gr\u00e1fica: Apple GPU con aceleradores neurales, 5 n\u00facleos<br data-start=\"2912\" data-end=\"2915\" \/>RAM: 8 GB<br data-start=\"2924\" data-end=\"2927\" \/>Memoria interna: 512 GB<br data-start=\"2950\" data-end=\"2953\" \/>Tarjeta SD: No<br data-start=\"2967\" data-end=\"2970\" \/>SIM: Dual SIM<br data-start=\"2983\" data-end=\"2986\" \/>Tipo tarjeta: Nano SIM \/ eSIM<br data-start=\"3015\" data-end=\"3018\" \/>Idioma: Multi Idioma (Incluye Espa\u00f1ol y Portugu\u00e9s)<\/p>\n<hr data-start=\"3072\" data-end=\"3075\" \/>\n<h2 data-section-id=\"14yp4oe\" data-start=\"3077\" data-end=\"3088\">Pantalla<\/h2>\n<p data-start=\"3089\" data-end=\"3542\">Caracter\u00edsticas: 6.3&#8243; Super Retina XDR OLED<br data-start=\"3132\" data-end=\"3135\" \/>Resoluci\u00f3n: 2622 x 1206 p\u00edxeles<br data-start=\"3166\" data-end=\"3169\" \/>Densidad: 460 ppi<br data-start=\"3186\" data-end=\"3189\" \/>Dise\u00f1o de aluminio: S\u00ed<br data-start=\"3211\" data-end=\"3214\" \/>Parte delantera: Ceramic Shield 2<br data-start=\"3247\" data-end=\"3250\" \/>Parte trasera: Vidrio tintado en masa<br data-start=\"3287\" data-end=\"3290\" \/>Dynamic Island: S\u00ed<br data-start=\"3308\" data-end=\"3311\" \/>Pantalla siempre activa: S\u00ed<br data-start=\"3338\" data-end=\"3341\" \/>Tecnolog\u00eda ProMotion: Hasta 120 Hz adaptativos<br data-start=\"3387\" data-end=\"3390\" \/>Pantalla HDR: S\u00ed<br data-start=\"3406\" data-end=\"3409\" \/>True Tone: S\u00ed<br data-start=\"3422\" data-end=\"3425\" \/>Gama crom\u00e1tica amplia (P3): S\u00ed<br data-start=\"3455\" data-end=\"3458\" \/>Contraste: 2.000.000:1<br data-start=\"3480\" data-end=\"3483\" \/>Brillo: Hasta 3.000 nits (exteriores)<br data-start=\"3520\" data-end=\"3523\" \/>Certificado: IP68<\/p>\n<hr data-start=\"3544\" data-end=\"3547\" \/>\n<h2 data-section-id=\"11ak788\" data-start=\"3549\" data-end=\"3558\">C\u00e1mara<\/h2>\n<p data-start=\"3559\" data-end=\"3765\">Frontal: 18 MP f\/1.9 Center Stage con enfoque autom\u00e1tico<br data-start=\"3615\" data-end=\"3618\" \/>Trasera principal: 48 MP f\/1.6 Sistema Fusion con OIS<br data-start=\"3671\" data-end=\"3674\" \/>Teleobjetivo: 12 MP 2x \u00f3ptico con OIS<br data-start=\"3711\" data-end=\"3714\" \/>Ultra gran angular: 48 MP f\/2.2 120\u00b0<br data-start=\"3750\" data-end=\"3753\" \/>Flash: LED<\/p>\n<hr data-start=\"3767\" data-end=\"3770\" \/>\n<h2 data-section-id=\"1gaqlr6\" data-start=\"3772\" data-end=\"3787\">Conectividad<\/h2>\n<p data-start=\"3788\" data-end=\"3915\">5G: S\u00ed<br data-start=\"3794\" data-end=\"3797\" \/>Wi-Fi: Wi-Fi 7<br data-start=\"3811\" data-end=\"3814\" \/>Bluetooth: 5.3<br data-start=\"3828\" data-end=\"3831\" \/>USB: USB Tipo C<br data-start=\"3846\" data-end=\"3849\" \/>NFC: S\u00ed<br data-start=\"3856\" data-end=\"3859\" \/>GPS: GPS, A-GPS, GLONASS, BeiDou, Galileo, NavIC, QZSS<\/p>\n<hr data-start=\"3917\" data-end=\"3920\" \/>\n<h2 data-section-id=\"15urtpf\" data-start=\"3922\" data-end=\"3936\">Dimensiones<\/h2>\n<p data-start=\"3937\" data-end=\"4000\">Tama\u00f1o: 149.6 x 71.5 x 7.95 mm<br data-start=\"3967\" data-end=\"3970\" \/>Peso: 177 g<br data-start=\"3981\" data-end=\"3984\" \/>Color: Lavanda<\/p>\n<hr data-start=\"4002\" data-end=\"4005\" \/>\n<h2 data-section-id=\"1mlpsmh\" data-start=\"4007\" data-end=\"4017\">Bater\u00eda<\/h2>\n<p data-start=\"4018\" data-end=\"4112\">Capacidad: 3692 mAh<br data-start=\"4037\" data-end=\"4040\" \/>Carga r\u00e1pida: Hasta 40W<br data-start=\"4063\" data-end=\"4066\" \/>Carga inal\u00e1mbrica: Hasta 25W (MagSafe y Qi2)<\/p>\n<hr data-start=\"4114\" data-end=\"4117\" \/>\n<h2 data-section-id=\"181thy7\" data-start=\"4119\" data-end=\"4142\">Contenido de la caja<\/h2>\n<p data-start=\"4143\" data-end=\"4219\">1 x iPhone 17 512GB Lavanda<br data-start=\"4170\" data-end=\"4173\" \/>1 x Cable USB Tipo C<br data-start=\"4193\" data-end=\"4196\" \/>1 x Manual de usuario<\/p>\n","protected":false},"excerpt":{"rendered":"<div class=\"especificaciones\">\n<h3>Especificaciones Clave<\/h3>\n<p>  <button onclick=\"toggleEspecificaciones()\">Mostrar Especificaciones<\/button><\/p>\n<ul id=\"detallesEspecificaciones\" style=\"display: none;\">\n<li><strong>Modelo:<\/strong> iPhone 17<\/li>\n<li><strong>Color:<\/strong> Lavanda<\/li>\n<li><strong>Pantalla:<\/strong> 6.3&#8243; Super Retina XDR OLED<\/li>\n<li><strong>Resoluci\u00f3n:<\/strong> 2622 x 1206 p\u00edxeles \u00b7 460 ppi<\/li>\n<li><strong>Frecuencia:<\/strong> ProMotion adaptativa hasta 120 Hz<\/li>\n<li><strong>Brillo m\u00e1ximo:<\/strong> Hasta 3.000 nits<\/li>\n<li><strong>Protecci\u00f3n:<\/strong> Ceramic Shield 2 \u00b7 IP68<\/li>\n<li><strong>Procesador:<\/strong> Apple A19 (Hexa Core)<\/li>\n<li><strong>GPU:<\/strong> Apple GPU con 5 n\u00facleos<\/li>\n<li><strong>RAM:<\/strong> 8 GB<\/li>\n<li><strong>Almacenamiento:<\/strong> 512 GB<\/li>\n<li><strong>C\u00e1mara principal:<\/strong> 48 MP Fusion \u00b7 OIS<\/li>\n<li><strong>Teleobjetivo:<\/strong> 12 MP \u00b7 2x \u00f3ptico<\/li>\n<li><strong>Ultra gran angular:<\/strong> 48 MP \u00b7 120\u00b0<\/li>\n<li><strong>C\u00e1mara frontal:<\/strong> 18 MP \u00b7 Center Stage<\/li>\n<li><strong>V\u00eddeo:<\/strong> 4K \u00b7 HDR<\/li>\n<li><strong>Conectividad:<\/strong> 5G \u00b7 Wi-Fi 7 \u00b7 Bluetooth 6.0 \u00b7 NFC<\/li>\n<li><strong>USB:<\/strong> USB Tipo C<\/li>\n<li><strong>Bater\u00eda:<\/strong> 3692 mAh<\/li>\n<li><strong>Carga r\u00e1pida:<\/strong> Hasta 40W<\/li>\n<li><strong>Carga inal\u00e1mbrica:<\/strong> Hasta 25W (MagSafe y Qi2)<\/li>\n<li><strong>Sistema operativo:<\/strong> iOS 26 \u00b7 Apple Intelligence<\/li>\n<li><strong>Dimensiones:<\/strong> 149.6 x 71.5 x 7.95 mm<\/li>\n<li><strong>Peso:<\/strong> 177 g<\/li>\n<\/ul>\n<\/div>\n<p><script>\nfunction toggleEspecificaciones() {\n  var x = document.getElementById(\"detallesEspecificaciones\");\n  if (x.style.display === \"none\" || x.style.display === \"\") {\n    x.style.display = \"block\";\n  } else {\n    x.style.display = \"none\";\n  }\n}\n<\/script><\/p>\n<style>\n.especificaciones {\n  background-color: white;\n  border: 1px solid #ddd;\n  border-radius: 8px;\n  padding: 20px;\n  margin: 20px 0;\n  box-shadow: 0 2px 10px rgba(0,0,0,0.1);\n}\n.especificaciones h3 {\n  font-size: 24px;\n  color: #333;\n  margin-bottom: 10px;\n}\n.especificaciones button {\n  background-color: #0073aa;\n  color: white;\n  border: none;\n  padding: 10px 15px;\n  cursor: pointer;\n  border-radius: 5px;\n}\n.especificaciones ul {\n  list-style: none;\n  padding: 0;\n  margin-top: 10px;\n}\n.especificaciones li {\n  padding: 5px 0;\n  border-bottom: 1px solid #ddd;\n}\n<\/style>\n","protected":false},"featured_media":42706,"comment_status":"open","ping_status":"closed","template":"","meta":{"inline_featured_image":false,"_joinchat":[]},"product_brand":[],"product_cat":[358],"product_tag":[],"class_list":{"0":"post-42698","1":"product","2":"type-product","3":"status-publish","4":"has-post-thumbnail","6":"product_cat-iphone-17","8":"first","9":"instock","10":"taxable","11":"shipping-taxable","12":"purchasable","13":"product-type-simple"},"_links":{"self":[{"href":"https:\/\/alvismobile.es\/index.php\/wp-json\/wp\/v2\/product\/42698","targetHints":{"allow":["GET"]}}],"collection":[{"href":"https:\/\/alvismobile.es\/index.php\/wp-json\/wp\/v2\/product"}],"about":[{"href":"https:\/\/alvismobile.es\/index.php\/wp-json\/wp\/v2\/types\/product"}],"replies":[{"embeddable":true,"href":"https:\/\/alvismobile.es\/index.php\/wp-json\/wp\/v2\/comments?post=42698"}],"wp:featuredmedia":[{"embeddable":true,"href":"https:\/\/alvismobile.es\/index.php\/wp-json\/wp\/v2\/media\/42706"}],"wp:attachment":[{"href":"https:\/\/alvismobile.es\/index.php\/wp-json\/wp\/v2\/media?parent=42698"}],"wp:term":[{"taxonomy":"product_brand","embeddable":true,"href":"https:\/\/alvismobile.es\/index.php\/wp-json\/wp\/v2\/product_brand?post=42698"},{"taxonomy":"product_cat","embeddable":true,"href":"https:\/\/alvismobile.es\/index.php\/wp-json\/wp\/v2\/product_cat?post=42698"},{"taxonomy":"product_tag","embeddable":true,"href":"https:\/\/alvismobile.es\/index.php\/wp-json\/wp\/v2\/product_tag?post=42698"}],"curies":[{"name":"wp","href":"https:\/\/api.w.org\/{rel}","templated":true}]}}